e the prime factors of 368422?
2, 184211
What are the prime factors of 7077434?
2, 7, 13, 37, 1051
List the prime factors of 12065849.
41, 294289
List the prime factors of 139005.
3, 5, 3089
What are the prime factors of 528036?
2, 3, 79, 557
What are the prime factors of 11590542?
2, 3, 643919
What are the prime factors of 859428?
2, 3, 23873
List the prime factors of 596971.
223, 2677
List the prime factors of 8502992.
2, 17, 43, 727
What are the prime factors of 642789?
3, 7, 19, 179
What are the prime factors of 168577?
29, 5813
What are the prime factors of 1231065?
3, 5, 11, 829
What are the prime factors of 1845802?
2, 7, 31, 4253
List the prime factors of 455851.
11, 29, 1429
List the prime factors of 3361150.
2, 5, 13, 5171
What are the prime factors of 1777368?
2, 3, 103, 719
List the prime factors of 460215.
3, 5, 7, 487
List the prime factors of 372404.
2, 157, 593
List the prime factors of 528096.
2, 3, 5501
List the prime factors of 330585.
3, 5, 22039
List the prime factors of 763580.
2, 5, 73, 523
List the prime factors of 1187129.
163, 7283
What are the prime factors of 4553736?
2, 3, 11, 47, 367
What are the prime factors of 249453?
3, 9239
What are the prime factors of 4180476?
2, 3, 283, 1231
List the prime factors of 5655301.
5655301
List the prime factors of 205485.
3, 5, 7, 19, 103
What are the prime factors of 477198?
2, 3, 8837
What are the prime factors of 1201042?
2, 67, 8963
What are the prime factors of 9016955?
5, 263, 6857
What are the prime factors of 1228402?
2, 7, 87743
List the prime factors of 152407.
152407
List the prime factors of 495315.
3, 5, 1223
What are the prime factors of 18617?
18617
List the prime factors of 3186583.
31, 102793
List the prime factors of 152801.
11, 29, 479
List the prime factors of 2258981.
2258981
List the prime factors of 3167823.
3, 167, 6323
What are the prime factors of 2276448?
2, 3, 23, 1031
List the prime factors of 9356384.
2, 47, 6221
List the prime factors of 589305.
3, 5, 17, 2311
List the prime factors of 12642628.
2, 17, 89, 2089
What are the prime factors of 25445833?
7, 131, 27749
What are the prime factors of 298443?
3, 53, 1877
List the prime factors of 92106.
2, 3, 7, 17, 43
List the prime factors of 762397.
762397
List the prime factors of 2310947.
1049, 2203
List the prime factors of 356973.
3, 257, 463
What are the prime factors of 1171574?
2, 23, 25469
What are the prime factors of 81072?
2, 3, 563
List the prime factors of 13140699.
3, 11, 13, 30631
What are the prime factors of 5347729?
5347729
What are the prime factors of 13129924?
2, 29, 113189
What are the prime factors of 6658551?
3, 246613
List the prime factors of 132260.
2, 5, 17, 389
What are the prime factors of 378632?
2, 19, 47, 53
What are the prime factors of 1078455?
3, 5, 7, 10271
List the prime factors of 131755.
5, 13, 2027
List the prime factors of 340661.
340661
What are the prime factors of 3420826?
2, 1710413
List the prime factors of 769332.
2, 3, 61, 1051
List the prime factors of 3851968.
2, 139, 433
List the prime factors of 2590437.
3, 863479
List the prime factors of 9001966.
2, 31, 145193
List the prime factors of 21436298.
2, 13, 63421
What are the prime factors of 415713?
3, 138571
What are the prime factors of 181182?
2, 3, 30197
List the prime factors of 38676850.
2, 5, 773537
What are the prime factors of 2737605?
3, 5, 13, 101, 139
List the prime factors of 5264780.
2, 5, 263239
List the prime factors of 476993.
11, 103, 421
What are the prime factors of 62276?
2, 15569
List the prime factors of 223056.
2, 3, 1549
List the prime factors of 154586.
2, 37, 2089
What are the prime factors of 537345?
3, 5, 11941
List the prime factors of 2136287.
2136287
What are the prime factors of 1719595?
5, 19, 23, 787
What are the prime factors of 228448?
2, 11, 59
What are the prime factors of 879223?
17, 51719
What are the prime factors of 142954?
2, 7, 10211
List the prime factors of 118396.
2, 29599
What are the prime factors of 82190?
2, 5, 8219
What are the prime factors of 10042961?
29, 346309
List the prime factors of 1380987.
3, 153443
What are the prime factors of 509664?
2, 3, 5309
List the prime factors of 827415.
3, 5, 227
List the prime factors of 220397.
433, 509
List the prime factors of 4114473.
3, 11, 41, 3041
List the prime factors of 4623905.
5, 11, 13, 29, 223
What are the prime factors of 2526171?
3, 97, 8681
What are the prime factors of 2337630?
2, 3, 5, 67, 1163
List the prime factors of 2058695.
5, 411739
What are the prime factors of 1169888?
2, 36559
List the prime factors of 15582096.
2, 3, 241, 449
What are the prime factors of 3605812?
2, 7, 18397
What are the prime factors of 133004?
2, 41, 811
List the prime factors of 2071217.
293, 7069
List the prime factors of 1061539.
293, 3623
List the prime factors of 12571064.
2, 11, 23, 6211
List the prime factors of 1731470.
2, 5, 13, 19, 701
What are the prime factors of 4391366?
2, 7, 313669
List the prime factors of 948307.
59, 16073
List the prime factors of 1946950.
2, 5, 23, 1693
List the prime factors of 2454251.
2454251
List the prime factors of 303938.
2, 151969
List the prime factors of 1086315.
3, 5, 72421
What are the prime factors of 18337806?
2, 3, 339589
List the prime factors of 1426739.
163, 8753
What are the prime factors of 3278069?
1051, 3119
List the prime factors of 11590358.
2, 13, 53, 647
What are the prime factors of 11604902?
2, 37, 156823
List the prime factors of 103886.
2, 127, 409
What are the prime factors of 369234?
2, 3, 73, 281
List the prime factors of 1725504.
2, 3, 11, 19, 43
What are the prime factors of 17668130?
2, 5, 41, 43093
What are the prime factors of 32622?
2, 3, 5437
List the prime factors of 7682638.
2, 43, 157, 569
List the prime factors of 10965778.
2, 41, 173, 773
What are the prime factors of 276968?
2, 89, 389
List the prime factors of 5715934.
2, 7, 557, 733
List the prime factors of 3201962.
2, 1600981
What are the prime factors of 7994133?
3, 7, 23, 613
List the prime factors of 1514742.
2, 3, 252457
List the prime factors of 1146407.
1146407
What are the prime factors of 19989847?
107, 227, 823
List the prime factors of 12837018.
2, 3, 41, 52183
List the prime factors of 327497.
23, 29, 491
What are the prime factors of 1339754?
2, 13, 227
List the prime factors of 15199848.
2, 3, 19, 41, 271
List the prime factors of 3697364.
2, 11, 17, 4943
What are the prime factors of 18377137?
18377137
List the prime factors of 1837460.
2, 5, 91873
List the prime factors of 803666.
2, 23, 17471
List the prime factors of 452716.
2, 11, 10289
What are the prime factors of 170875?
5, 1367
What are the prime factors of 474772?
2, 19, 6247
List the prime factors of 547236.
2, 3, 563
List the prime factors of 55620.
2, 3, 5, 103
What are the prime factors of 427208?
2, 53401
List the prime factors of 9966028.
2, 499, 4993
What are the prime factors of 627530?
2, 5, 62753
List the prime factors of 8878301.
17, 19, 27487
What are the prime factors of 5707722?
2, 3, 29, 32803
What are the prime factors of 675582?
2, 3, 109, 1033
List the prime factors of 2732383.
2732383
What are the prime factors of 37154?
2, 13, 1429
What are the prime factors of 23835041?
23835041
What are the prime factors of 2753882?
2, 23, 131, 457
List the prime factors of 1601912.
2, 13, 73, 211
List the prime factors of 177223.
177223
What are the prime factors of 679508?
2, 257, 661
List the prime factors of 3191067.
3, 11, 32233
What are the prime factors of 1834005?
3, 5, 122267
List the prime factors of 1190661.
3, 396887
List the prime factors of 7079380.
2, 5, 7, 11, 4597
What are the prime factors of 254505?
3, 5, 19, 47
What are the prime factors of 4709361?
3, 1569787
List the prime factors of 3938126.
2, 67, 29389
What are the prime factors of 210093?
3, 13, 5387
What are the prime factors of 10482396?
2, 3, 37, 23609
List the prime factors of 1638108.
2, 3, 45503
List the prime factors of 1199354.
2, 13, 163, 283
List the prime factors of 68498.
2, 29, 1181
What are the prime factors of 5433221?
19, 23, 12433
List the prime factors of 332232.
2, 3, 109, 127
What are the prime factors of 174679?
174679
What are the prime factors of 684481?
7, 61, 229
List the prime factors of 2361561.